visor of 126 and 27.
9
What is the greatest common divisor of 6 and 1484?
2
What is the highest common divisor of 370 and 35335?
185
Calculate the highest common divisor of 6167 and 14.
7
What is the highest common divisor of 14 and 3402?
14
What is the highest common factor of 13571 and 41?
41
Calculate the greatest common factor of 5955 and 15.
15
Calculate the greatest common divisor of 70 and 310.
10
What is the highest common divisor of 102 and 498?
6
Calculate the greatest common divisor of 468 and 104.
52
What is the greatest common divisor of 328 and 451?
41
What is the greatest common factor of 182 and 70?
14
Calculate the greatest common factor of 66 and 1023.
33
What is the greatest common divisor of 94 and 376?
94
Calculate the highest common divisor of 54 and 3.
3
Calculate the greatest common factor of 1875 and 600.
75
Calculate the highest common divisor of 11 and 781.
11
Calculate the highest common factor of 17 and 34.
17
What is the greatest common factor of 23 and 3312?
23
What is the highest common factor of 4601 and 214?
107
Calculate the highest common factor of 9 and 19179.
9
What is the greatest common divisor of 34 and 782?
34
Calculate the highest common divisor of 86 and 387.
43
What is the highest common factor of 8128 and 256?
64
Calculate the highest common divisor of 122 and 61.
61
What is the greatest common divisor of 44 and 33?
11
Calculate the greatest common divisor of 114 and 380.
38
What is the highest common divisor of 8 and 2168?
8
Calculate the greatest common factor of 26 and 754.
26
What is the greatest common factor of 24 and 1572?
12
What is the highest common divisor of 2106 and 195?
39
Calculate the greatest common factor of 11 and 1177.
11
Calculate the highest common divisor of 36 and 972.
36
What is the greatest common divisor of 30 and 510?
30
Calculate the greatest common factor of 132 and 456.
12
Calculate the highest common divisor of 38 and 1558.
38
Calculate the greatest common divisor of 456 and 168.
24
Calculate the greatest common divisor of 1309 and 154.
77
What is the highest common factor of 2208 and 192?
96
Calculate the greatest common divisor of 61 and 427.
61
What is the highest common divisor of 1166 and 33?
11
What is the greatest common divisor of 1350 and 250?
50
What is the highest common divisor of 1057 and 1359?
151
Calculate the greatest common factor of 24348 and 24.
12
Calculate the highest common divisor of 5256 and 146.
146
What is the greatest common factor of 688 and 304?
16
What is the highest common divisor of 391 and 17?
17
What is the greatest common factor of 5 and 67?
1
What is the highest common factor of 72 and 63?
9
Calculate the highest common factor of 69 and 1725.
69
What is the highest common divisor of 666 and 36?
18
Calculate the highest common divisor of 8 and 35128.
8
What is the greatest common divisor of 119 and 14?
7
What is the greatest common divisor of 328 and 16?
8
Calculate the highest common factor of 351 and 52.
13
Calculate the highest common factor of 833 and 8687.
119
Calculate the highest common divisor of 2672 and 48.
16
Calculate the greatest common divisor of 1430 and 352.
22
Calculate the highest common factor of 216 and 243.
27
What is the greatest common divisor of 33 and 3399?
33
Calculate the greatest common divisor of 712 and 64.
8
What is the highest common divisor of 10 and 250?
10
Calculate the highest common factor of 24 and 189.
3
What is the greatest common factor of 10526 and 76?
38
Calculate the greatest common factor of 3817 and 11.
11
Calculate the greatest common divisor of 3564 and 1452.
132
What is the greatest common divisor of 90 and 225?
45
What is the greatest common factor of 5 and 3?
1
What is the greatest common factor of 4065 and 15?
15
What is the greatest common divisor of 152 and 32?
8
What is the greatest common factor of 11 and 253?
11
Calculate the highest common factor of 200 and 3240.
40
Calculate the highest common factor of 18 and 1062.
18
What is the greatest common factor of 703 and 38?
19
Calculate the highest common divisor of 765 and 30.
15
Calculate the highest common divisor of 400 and 240.
80
Calculate the highest common divisor of 50 and 170.
10
What is the highest common factor of 429 and 156?
39
Calculate the highest common divisor of 748 and 272.
68
Calculate the greatest common factor of 558 and 24.
6
What is the greatest common divisor of 117 and 624?
39
What is the highest common factor of 44034 and 738?
246
Calculate the greatest common factor of 14288 and 152.
152
Calculate the greatest common divisor of 16 and 208.
16
Calculate the greatest common divisor of 75 and 9615.
15
What is the highest common factor of 4416 and 8?
8
Calculate the highest common factor of 742 and 14.
14
What is the highest common factor of 935 and 4080?
85
Calculate the highest common divisor of 54 and 37773.
27
What is the greatest common factor of 69 and 276?
69
What is the greatest common divisor of 75 and 100?
25
What is the highest common divisor of 65607 and 57?
57
Calculate the greatest common factor of 405 and 1701.
81
Calculate the greatest common factor of 329 and 63.
7
Calculate the greatest common divisor of 234 and 3562.
26
What is the greatest common factor of 20 and 20?
20
What is the highest common factor of 5 and 6445?
5
Calculate the greatest common factor of 4 and 36.
4
What is the greatest common divisor of 81 and 3?
3
Calculate the greatest common divisor of 506 and 198.
22
What is the highest common divisor of 198 and 2266?
22
What is the greatest common factor of 11 and 103?
1
What is the greatest common divisor of 700 and 12040?
140
What is the highest common factor of 110 and 40?
10
Calculate the highest common divisor of 1353 and 33.
33
Calculate the highest common factor of 33135 and 15.
15
Calculate the greatest common factor of 572 and 1980.
44
Calculate the highest common factor of 14400 and 45.
45
What is the greatest common divisor of 471 and 3?
3
What is the greatest common divisor of 17109 and 9?
9
What is the highest common factor of 145 and 345?
5
What is the greatest common factor of 231 and 294?
21
Calculate the greatest common factor of 78 and 754.
26
Calculate the greatest common divisor of 304 and 57.
19
Calculate the highest common factor of 40 and 1640.
40
Calculate the highest common factor of 516 and 13588.
172
Calculate the highest common factor of 130 and 4784.
26
What is the highest common divisor of 17 and 4063?
17
Calculate the highest common factor of 1634 and 38.
38
Calculate the greatest common divisor of 9 and 117.
9
Calculate the greatest common divisor of 370 and 10.
10
What is the greatest common factor of 116 and 4?
4
What is the greatest common divisor of 20 and 1020?
20
Calculate the greatest common factor of 440 and 1408.
88
Calculate the greatest common factor of 792 and 16896.
264
What is the greatest common factor of 219 and 87?
3
Calculate the greatest common divisor of 783 and 493.
29
What is the greatest common factor of 3751 and 31?
31
What is the highest common divisor of 210 and 90?
30
Calculate the greatest common divisor of 45 and 11547.
9
Calculate the greatest common factor of 793 and 91.
13
What is the highest common factor of 6 and 321?
3
Calculate the greatest common divisor of 15 and 4115.
5
Calculate the highest common factor of 5481 and 84.
21
Calculate the greatest common divisor of 126 and 966.
42
Calculate the greatest common factor of 156 and 12.
12
What is the greatest common divisor of 180 and 435?
15
What is the highest common factor of 793 and 3233?
61
Calculate the highest common divisor of 418 and 20273.
209
Calculate the greatest common factor of 368 and 299.
23
What is the greatest common divisor of 1086 and 6?
6
Calculate the greatest common factor of 2979 and 9.
9
What is the highest common divisor of 2730 and 42?
42
What is the highest common factor of 209 and 11?
11
What is the highest common factor of 40 and 90?
10
What is the greatest common divisor of 639 and 36?
9
What is the greatest common factor of 64 and 14784?
64
Calculate the greatest common divisor of 34716 and 88.
44
What is the greatest common divisor of 4070 and 110?
110
Calculate the greatest common factor of 51 and 136.
17
Calculate the gr